*v + 2676. What is the highest common factor of v and 12?
3
Let g = 553 - 551. Suppose -5*c + 4*c - 3*r = -168, 0 = 4*r - 8. Calculate the greatest common divisor of g and c.
2
Let t = -7773 - -7905. Calculate the highest common divisor of t and 29788.
44
Suppose -3*y + 5888 = 4*g, -8*y - 7355 = -5*g - 13*y. What is the greatest common divisor of g and 200?
25
Let x(n) = 7251*n + 43570. Let b be x(-6). Let o be -4*(1 - 6/4). Suppose -o*f - 67 = -387. What is the highest common divisor of b and f?
32
Suppose -3*g - 35 = -371. Let t be 4/18 - (-8)/(-36). Suppose 0 = 5*h + 5, -5*u + 2*h + 87 - 15 = t. Calculate the highest common factor of g and u.
14
Suppose -3*u = -513 - 24. Let p = 212 - u. Let g = 82 - -50. What is the greatest common factor of p and g?
33
Suppose -11*c - 200566 = -45*c. Calculate the highest common factor of 17 and c.
17
Let x(c) = c - 5. Let p be x(8). Suppose 48 - 291 = p*j. Let i = 94 + j. Calculate the highest common divisor of 39 and i.
13
Let g be 847 - -2*(-7)/(-2). Let v = 859 - g. Let n be (0 - -20)*9/12. What is the highest common divisor of n and v?
5
Let j = -106 + 101. Let u = 10 - j. Calculate the highest common factor of u and 5.
5
Let f(m) = -2*m**3 + 6*m**2 + m + 3. Let r be f(3). Let p = r - -20. Calculate the greatest common factor of 104 and p.
26
Let o be 110*(15/2 + 4). Let q = o + -205. What is the greatest common divisor of 20 and q?
20
Let i be 238/((-56)/(-8)) + 1 + 1. Let x be (-11)/((-165)/i)*(-980)/(-8). Suppose 315 = d + x. What is the greatest common divisor of d and 147?
21
Let s be 366936/144 - 4/24. Calculate the greatest common factor of 2156 and s.
196
Let s be (-88)/(-48)*6 - 8. What is the greatest common factor of s and 327?
3
Let d(c) = 63*c - 1049. Let r be d(17). What is the highest common factor of r and 8?
2
Let y = 397 - 178. Suppose -54*o = -48*o - 438. Calculate the greatest common divisor of y and o.
73
Let b(q) = -q**2 + 15*q - 45. Let u be b(11). Let i be (-4 + u)/(6 + -5). Let m be (-4 + 0 - -26)/(-3 - i). What is the highest common divisor of 297 and m?
11
Let a be 6540/18*1 + 10/15. What is the greatest common divisor of 208 and a?
52
Let y(z) = z**3 + 8*z**2 + 4*z - 27. Let r be -6 + 0*(-3)/(-9). Let k be y(r). What is the highest common factor of 147 and k?
21
Suppose 0 = -4*k + 8*k - 288. Let a be (4/(-12))/((-4)/k). Let j(w) = 2*w + 2. Let b be j(2). Calculate the greatest common factor of b and a.
6
Let l = 5412 + -4070. What is the greatest common factor of 88 and l?
22
Let s(j) = 2 - 7 + 7*j + 3 - j**2. Let p be s(5). Suppose -4*o = -t - 3, -26*o + 24*o = 4*t - 6. What is the highest common factor of p and t?
1
Let w(r) = -401*r + 144. Let b be w(-2). Calculate the highest common divisor of b and 22.
22
Let w be (10*1)/((-30)/(-135)). Suppose 2*l - 14 = -7*a + 2*a, -14 = -5*l - 2*a. Suppose 0 = -r + l*r - 5. Calculate the highest common divisor of w and r.
5
Suppose -i - 120 = -3*i. Let m be 209 - (0 - 5) - 66/(-11). Calculate the greatest common factor of m and i.
20
Let n(j) = -88*j + 9254. Let g be n(18). Calculate the greatest common divisor of g and 40.
10
Suppose -245*j = -247*j + 36. Let u = -88 - -90. Suppose 3*f + 210 = 5*k - 30, -u*k - 3*f + 75 = 0. Calculate the greatest common factor of j and k.
9
Let t(i) = 59*i**3 - 10*i**2 - i + 134. Let x be t(6). What is the greatest common factor of 552 and x?
184
Let c = 307 - 270. Let j = 348 + -200. Calculate the highest common factor of j and c.
37
Let z = -58 + 64. Let l = 49 - 85. Let w = -34 - l. What is the greatest common factor of w and z?
2
Let d be 3/((8/(-12))/(-2))*7. Let g = -60 + d. Suppose -g*b + 78 = -36. Calculate the greatest common factor of 95 and b.
19
Let q = 29 + -20. Suppose 431 = 2*f + 3*v, f - 2*f + 215 = v. Suppose f = 2*p + 52. Calculate the highest common divisor of q and p.
9
Let g(n) = -1790*n + 5616. Let o be g(3). What is the greatest common factor of o and 6314?
82
Suppose 90 = 6*g - 0*g. Suppose -5*u - 5*f = g, -u = -4*u + f - 29. Let r be (-2 - u)/(6/16). Calculate the highest common divisor of r and 4.
4
Let x(u) = 2299*u + 22 - 1149*u - 1149*u. Let r(f) = -3*f + 1. Let t be r(6). Let v be x(t). What is the highest common divisor of v and 10?
5
Let n be 3/((-2)/13 + (-18)/44928*-410). What is the greatest common divisor of n and 1044?
36
Let u(z) = -z**2 + 103*z + 552. Let w be u(-5). Calculate the highest common divisor of w and 6738.
6
Let c(i) = -i**3 + 13*i**2 + 3*i - 9. Suppose 18 - 27 = -3*t. Let g be -2 - (-5 + t) - -6. Let a be c(g). Calculate the greatest common divisor of a and 29.
29
Let c(z) be the first derivative of z**2 - 36*z + 13. Let x be c(18). Suppose x = 11*u - 14*u + 810. Calculate the highest common divisor of 108 and u.
54
Let s(k) = -8*k**2 - 9*k - 23. Let c be s(-5). Let g = c - -202. Calculate the highest common factor of g and 168.
24
Suppose 0 = 220*g - 5008 - 932. Calculate the greatest common divisor of g and 4671.
27
Let v(h) = -86*h - 5242. Let b be v(-61). What is the greatest common divisor of 556 and b?
4
Suppose 2*p + 109 = -n + 284, -721 = -4*n - p. Let g = n + -53. Let f = -23 + 39. Calculate the highest common factor of g and f.
16
Suppose 155*r - 3982 = 166*r. Let l = -287 - r. What is the greatest common factor of 375 and l?
75
Let i(d) = 3*d**2 - d - 4. Let f be 18*(14 + -14 + (-4)/6). Let l be i(f). Calculate the highest common divisor of l and 10.
10
Suppose -14*u + 27*u + 12*u = 37400. What is the greatest common factor of 935 and u?
187
Let x = 3404 - -2372. What is the greatest common divisor of 57 and x?
19
Let x(v) = 3*v + 3. Let z = -55 - -70. Let g be x(z). Let y be (-3 + 2 - -3)*3. What is the highest common divisor of g and y?
6
Let g(l) = -2*l**3 - 5*l**2 + 28*l + 168. Let v be g(-4). Let y = 60 - 21. Calculate the highest common divisor of y and v.
13
Suppose -a - 4*b = b - 54, -198 = -4*a - 2*b. Let m = a - 47. Suppose 16 = m*u - 4. Calculate the greatest common factor of u and 10.
10
Suppose -d + 29 = -51. Let t(v) = v**3 - 75*v**2 + 217*v - 5003. Let n be t(73). What is the greatest common divisor of d and n?
20
Suppose 0*s + 2*s = -5*n + 821, -5*n - 3*s + 819 = 0. Let w = -33 + 33. Suppose 10*t - 18*t + 120 = w. Calculate the highest common divisor of n and t.
15
Let s be -17 - ((-216)/(-12) + -1907). What is the highest common factor of 9 and s?
9
Let s = 348 - 336. Let q(n) = n**3 + 13*n**2 + 18*n + 9. Let l be q(-11). Let i = l + -35. What is the greatest common divisor of i and s?
6
Let c(x) = -x + 3. Let d be c(1). Let w(y) = -3*y**2 + 3*y**3 + 3*y + 0*y**2 - y + 2. Let g be w(d). What is the greatest common factor of g and 3?
3
Let z be (-22)/(-6) + 6/(-9)*1. Let l(g) = -9*g - 18. Suppose 3*w = -3*i - 3, -w + 12 = 2*w. Let m be l(i). Calculate the highest common divisor of z and m.
3
Let m = 3404 + -3371. Suppose 0 = 3*l - 12, 4*f - 2*f + 5*l - 26 = 0. What is the highest common factor of f and m?
3
Suppose -5*a + 3*a + 234 = k, -k + 4*a + 234 = 0. Suppose 4*t - 17*t = -k. Suppose 35 = 4*n - 61. Calculate the highest common divisor of n and t.
6
Let r(w) = w**2 - 17*w - 46. Let l be r(20). Let p(t) = t**3 - 13*t**2 - 11*t - 35. Let c be p(l). Calculate the greatest common divisor of 3 and c.
1
Let x be 22/10 - (-28)/(-140). Suppose -x*q + 2 = 0, 11*q - 8*q - 163 = -u. Calculate the greatest common factor of u and 20.
20
Suppose 7*y = 12*y - 25. Let k be 4 + (8/(-6))/(y/(-120)). Suppose 0 = c + 3*z - k, 4*z - 13 = -5*c + 134. Calculate the highest common divisor of 243 and c.
27
Suppose 7*k - 72 = 5*k + 4*v, -k - 4*v + 72 = 0. Let o(r) = -r - 2. Let q be o(-6). What is the greatest common factor of k and q?
4
Suppose 2*y - 105 = 49. Let d(m) = -2*m**2 + 15*m + 4. Let g be (12/(-16))/(15/(-140)). Let t be d(g). What is the greatest common factor of t and y?
11
Suppose -28*x - 8*x = 15*x - 84660. What is the greatest common factor of 100 and x?
20
Let g = 5522 - 5284. What is the highest common factor of 1078 and g?
14
Let g(o) = o**2 - 29*o + 267. Let t be g(9). What is the greatest common divisor of t and 2697?
87
Let m(g) = -227*g - 41. Let u be m(-17). Calculate the greatest common divisor of 368 and u.
46
Let u(s) = -9*s - 104. Let l be u(-12). Suppose 0 = -4*t - 4*a + 232, -t - l*a - 33 = -2*t. Calculate